{"id":110,"date":"2012-06-21T13:54:27","date_gmt":"2012-06-21T13:54:27","guid":{"rendered":"https:\/\/www.havenlauwersoog.nl\/?page_id=110"},"modified":"2018-10-22T12:10:35","modified_gmt":"2018-10-22T12:10:35","slug":"tarieven","status":"publish","type":"page","link":"https:\/\/www.havenlauwersoog.nl\/?page_id=110","title":{"rendered":"Tarieven"},"content":{"rendered":"<p><!--:nl--><\/p>\n<h1>Tarieven<\/h1>\n<p>Nadat u heeft afgemeerd, kunt u via de betaalautomaat <strong>(let op: alleen PIN)<\/strong> bij het havengebouw het liggeld voldoen (zie onderstaande tarieven). Met behulp van\u00a0een SEP card (ook verkrijgbaar in de automaat) kunt u gebruik maken van\u00a0alle facilitaire voorzieningen in het havengebouw.. Voor de bruine vloot is een SEP\u00a0key verkrijgbaar via\u00a0het havenkantoor.<\/p>\n<h2>TARIEVEN<\/h2>\n<table width=\"458\">\n<tbody>\n<tr>\n<td>Voor het schip<\/td>\n<td>\u20ac 2,00<\/td>\n<td>per strekkende meter<\/td>\n<\/tr>\n<tr>\n<td>Toeristenbelasting<\/td>\n<td>\u20ac 1,15<\/td>\n<td>per persoon per dag<\/td>\n<\/tr>\n<tr>\n<td>Douche<\/td>\n<td>\u20ac 0,12<\/td>\n<td>per minuut<\/td>\n<\/tr>\n<tr>\n<td>Wasmachine<\/td>\n<td>\u20ac 4,50<\/td>\n<td>per keer<\/td>\n<\/tr>\n<tr>\n<td>Wasdroger<\/td>\n<td>\u20ac 2,50<\/td>\n<td>per keer<\/td>\n<\/tr>\n<tr>\n<td>Afgifte huisvuil<\/td>\n<td><\/td>\n<td>inbegrepen in liggeld<\/td>\n<\/tr>\n<tr>\n<td>Dieselolie<\/td>\n<td>variabel<\/td>\n<td>per liter<\/td>\n<\/tr>\n<tr>\n<td>Stroom<\/td>\n<td>\u20ac 0,50<\/td>\n<td>per kW<\/td>\n<\/tr>\n<tr>\n<td>Drinkwater<\/td>\n<td>\u20ac 0,50<\/td>\n<td>per 100 ltr.<\/td>\n<\/tr>\n<\/tbody>\n<\/table>\n<p>Prijswijzigingen te allen tijden voorbehouden.<\/p>\n<p><!--:--><!--:de--><\/p>\n<h1 dir=\"ltr\">Preise<\/h1>\n<p>Nach dem Festmachen k\u00f6nnen Sie am Zahlautomaten beim Hafengeb\u00e4ude die Liegegeb\u00fchr bezahlen (Achtung: Nur Kartenzahlung!) (siehe die nachstehende Preisliste). Mithilfe einer SEP-Karte (ebenfalls an dem Automaten erh\u00e4ltlich) k\u00f6nnen Sie alle Einrichtungen im Hafengeb\u00e4ude nutzen. G\u00e4ste der Traditionssegelflotte erhalten SEP-Karten im Hafengeb\u00e4ude.<\/p>\n<h2 dir=\"ltr\">PREISE<\/h2>\n<div dir=\"ltr\">\n<table width=\"461\">\n<colgroup>\n<col width=\"195\" \/>\n<col width=\"79\" \/>\n<col width=\"226\" \/><\/colgroup>\n<tbody>\n<tr>\n<td>F\u00fcr das Boot<\/td>\n<td>\u20ac 2,00<\/td>\n<td>pro laufendem Meter<\/td>\n<\/tr>\n<tr>\n<td>Touristensteuer<\/td>\n<td>\u20ac 1,15<\/td>\n<td>pro Person und Tag<\/td>\n<\/tr>\n<tr>\n<td>Dusche<\/td>\n<td>\u20ac 0,12<\/td>\n<td>pro Minute<\/td>\n<\/tr>\n<tr>\n<td>Waschmaschine<\/td>\n<td>\u20ac 4,50<\/td>\n<td>pro Trommel<\/td>\n<\/tr>\n<tr>\n<td>W\u00e4schetrockner<\/td>\n<td>\u20ac 2,50<\/td>\n<td>pro Trommel<\/td>\n<\/tr>\n<tr>\n<td>Hausm\u00fcllentsorgung<\/td>\n<td><\/td>\n<td>im Liegegeld inbegriffen<\/td>\n<\/tr>\n<tr>\n<td>Dieselkraftstoff<\/td>\n<td>variabel<\/td>\n<td>pro Liter<\/td>\n<\/tr>\n<tr>\n<td>Strom<\/td>\n<td>\u20ac 0,50<\/td>\n<td>pro kW<\/td>\n<\/tr>\n<tr>\n<td>Trinkwasser<\/td>\n<td>\u20ac 0,50<\/td>\n<td>pro 100 l<\/td>\n<\/tr>\n<\/tbody>\n<\/table>\n<\/div>\n<p>Preis\u00e4nderungen jederzeit vorbehalten.<\/p>\n<p><!--:--><!--:en--><\/p>\n<h1 dir=\"ltr\">Charges<\/h1>\n<p>Once you have moored your vessel, you can pay your harbour dues (see charges below) at the ticket machine (bank cards only). Using a SEP card (also available from the ticket machine) it\u2019s possible to use all the facilities available in the port complex. For traditional chartered vessels, there is an SEP\u00a0available from the harbourmaster\u2019s office.<\/p>\n<h2 dir=\"ltr\">CHARGES<\/h2>\n<div dir=\"ltr\">\n<table width=\"462\">\n<colgroup>\n<col width=\"202\" \/>\n<col width=\"75\" \/>\n<col width=\"223\" \/><\/colgroup>\n<tbody>\n<tr>\n<td>For vessels<\/td>\n<td>\u20ac1.50<\/td>\n<td>per metre<\/td>\n<\/tr>\n<tr>\n<td>Tourist tax<\/td>\n<td>\u20ac1.15<\/td>\n<td>per person per day<\/td>\n<\/tr>\n<tr>\n<td>Shower<\/td>\n<td>\u20ac 0.12<\/td>\n<td>per minute<\/td>\n<\/tr>\n<tr>\n<td>Washing machine<\/td>\n<td>\u20ac 4.50<\/td>\n<td>per cycle<\/td>\n<\/tr>\n<tr>\n<td>Drier<\/td>\n<td>\u20ac 2.50<\/td>\n<td>per cycle<\/td>\n<\/tr>\n<tr>\n<td>Waste disposal service<\/td>\n<td><\/td>\n<td>Included in harbour dues<\/td>\n<\/tr>\n<tr>\n<td>Diesel oil<\/td>\n<td>variable<\/td>\n<td>per litre<\/td>\n<\/tr>\n<tr>\n<td>Electricity<\/td>\n<td>\u20ac 0.50<\/td>\n<td>per Kw<\/td>\n<\/tr>\n<tr>\n<td>Drinking water<\/td>\n<td>\u20ac 0.50<\/td>\n<td>per 100 litres<\/td>\n<\/tr>\n<\/tbody>\n<\/table>\n<\/div>\n<p>We reserve the right to change prices at all times.<\/p>\n<p><!--:--><!--:fr--><\/p>\n<h1 dir=\"ltr\">Tarifs<\/h1>\n<p>Apr\u00e8s avoir amarr\u00e9, vous pouvez r\u00e9gler votre place \u00e0 quai au distributeur automatique (attention : uniquement code PIN) qui se trouve \u00e0 la capitainerie (voir tarifs ci-dessous). La carte SEP (\u00e9galement disponible au distributeur) vous permet d\u2019utiliser tous les services propos\u00e9s dans la capitainerie. Pour les vieux gr\u00e9ements, une clef SEP\u00a0est disponible au bureau du port.<\/p>\n<h2 dir=\"ltr\">TARIFS<\/h2>\n<div dir=\"ltr\">\n<table width=\"459\">\n<colgroup>\n<col width=\"225\" \/>\n<col width=\"79\" \/>\n<col width=\"197\" \/><\/colgroup>\n<tbody>\n<tr>\n<td>Pour le bateau<\/td>\n<td>2,00 \u20ac<\/td>\n<td>par m\u00e8tre lin\u00e9aire<\/td>\n<\/tr>\n<tr>\n<td>Taxe de s\u00e9jour<\/td>\n<td>1,15 \u20ac<\/td>\n<td>par personne par jour<\/td>\n<\/tr>\n<tr>\n<td>Douche<\/td>\n<td>0,12 \u20ac<\/td>\n<td>par minute<\/td>\n<\/tr>\n<tr>\n<td>Lave-linge<\/td>\n<td>4,50 \u20ac<\/td>\n<td>par cycle<\/td>\n<\/tr>\n<tr>\n<td>S\u00e8che-linge<\/td>\n<td>2,50 \u20ac<\/td>\n<td>par cycle<\/td>\n<\/tr>\n<tr>\n<td>D\u00e9p\u00f4t d\u00e9chets m\u00e9nagers<\/td>\n<td><\/td>\n<td>compris dans le prix<\/td>\n<\/tr>\n<tr>\n<td>Gaz-oil<\/td>\n<td>Variable<\/td>\n<td>par litre<\/td>\n<\/tr>\n<tr>\n<td>Electricit\u00e9<\/td>\n<td>0,50 \u20ac<\/td>\n<td>par kW<\/td>\n<\/tr>\n<tr>\n<td>Eau potable<\/td>\n<td>0,50 \u20ac<\/td>\n<td>par 100 litres<\/td>\n<\/tr>\n<\/tbody>\n<\/table>\n<\/div>\n<p>Nous nous r\u00e9servons le droit de modifier les prix \u00e0 tout moment.<\/p>\n<p><!--:--><\/p>\n","protected":false},"excerpt":{"rendered":"<p>Tarieven Nadat u heeft afgemeerd, kunt u via de betaalautomaat (let op: alleen PIN) bij het havengebouw het liggeld voldoen (zie onderstaande tarieven). Met behulp&hellip;<\/p>\n","protected":false},"author":3094,"featured_media":0,"parent":856,"menu_order":0,"comment_status":"closed","ping_status":"open","template":"","meta":{"_crdt_document":"","footnotes":""},"class_list":["post-110","page","type-page","status-publish","hentry"],"_links":{"self":[{"href":"https:\/\/www.havenlauwersoog.nl\/index.php?rest_route=\/wp\/v2\/pages\/110","targetHints":{"allow":["GET"]}}],"collection":[{"href":"https:\/\/www.havenlauwersoog.nl\/index.php?rest_route=\/wp\/v2\/pages"}],"about":[{"href":"https:\/\/www.havenlauwersoog.nl\/index.php?rest_route=\/wp\/v2\/types\/page"}],"author":[{"embeddable":true,"href":"https:\/\/www.havenlauwersoog.nl\/index.php?rest_route=\/wp\/v2\/users\/3094"}],"replies":[{"embeddable":true,"href":"https:\/\/www.havenlauwersoog.nl\/index.php?rest_route=%2Fwp%2Fv2%2Fcomments&post=110"}],"version-history":[{"count":2,"href":"https:\/\/www.havenlauwersoog.nl\/index.php?rest_route=\/wp\/v2\/pages\/110\/revisions"}],"predecessor-version":[{"id":1202,"href":"https:\/\/www.havenlauwersoog.nl\/index.php?rest_route=\/wp\/v2\/pages\/110\/revisions\/1202"}],"up":[{"embeddable":true,"href":"https:\/\/www.havenlauwersoog.nl\/index.php?rest_route=\/wp\/v2\/pages\/856"}],"wp:attachment":[{"href":"https:\/\/www.havenlauwersoog.nl\/index.php?rest_route=%2Fwp%2Fv2%2Fmedia&parent=110"}],"curies":[{"name":"wp","href":"https:\/\/api.w.org\/{rel}","templated":true}]}}